(-10)). Let t(w) be the first derivative of -3*w - 2*w**z + 6 - 1/3*w**3. Calculate t(-5).
-8
Let f be 3 - (2 + (-5)/(-5)). Let c(s) = -s**2 - s + 13. Give c(f).
13
Let i = 27 - 26. Let p be 1 - (i + 3) - -11. Suppose -4*v = 4*d - 8, -3*d = 2*d + 4*v - p. Let a(u) = u**3 + u**2 - 7. Determine a(d).
-7
Let x = 6 - 2. Let t be 6/(-2) + 4 + x. Let r(n) = -2*n**2 + 3*n + 1. Let s(k) = k**2 - k. Let g(c) = 4*r(c) + 7*s(c). Give g(t).
4
Let t be (-99)/(-21) + (-12)/(-42). Let g(p) = 0*p + 3*p**2 - 11*p**2 - p + t*p**2. Calculate g(1).
-4
Let d(k) be the first derivative of -2*k**2 + 3*k + 2/3*k**3 + 6. Let w = 5 - 3. Give d(w).
3
Let z(x) = -4*x + 9. Let w be (-1 + 2 - 4)/(2/(-2)). Let v be (29/3 - w) + 4/(-6). Give z(v).
-15
Let j be 6 + (-17)/(17/10). Let s(h) = -h - 8. Calculate s(j).
-4
Suppose 4*b - 36*b = -128. Let t(o) = 3*o + 5. Let l(a) = a + 1. Let w(m) = -6*m - 4. Let x(z) = 10*l(z) + w(z). Let y(d) = 3*t(d) - 2*x(d). Determine y(b).
7
Let v(l) = -2*l**2 - l. Let p be 1168/56 - 20 - 30/(-14). Calculate v(p).
-21
Let k(i) = 2 + 3 - 4 - i. Let v(h) = 21 + 9 - 58 + 16 + 8*h. Let t(c) = 10*k(c) + v(c). Determine t(2).
-6
Suppose b + 4*z = 8, 46*b + 4*z + 40 = 49*b. Let i(n) = n - 2. Give i(b).
10
Let h(z) = 4*z**2 - z - 1. Suppose 4*d = 4*r + 20, 3*r + 1 = 7*r + 3*d. Determine h(r).
17
Suppose 0 = -4*q - 4*c + 16, -2*q + 6*q - c = 21. Let x(g) = q + 15 - 5 + 4*g - g**2 - 9. Let i(f) = -f**3 + 5. Let h be i(0). Calculate x(h).
1
Suppose 19 + 1 = 4*t. Let y(a) be the third derivative of a**5/60 - 7*a**4/24 + 2*a**3/3 - 10*a**2. Let o be y(t). Let r(b) = b**2 + 4*b - 7. Calculate r(o).
5
Let u(o) be the second derivative of o**6/120 + 7*o**5/60 - o**4/24 - 3*o**3/2 + 15*o**2/2 + 13*o. Let g(i) be the first derivative of u(i). Calculate g(-7).
-2
Let i(p) = -2*p + 1396 + 1394 - 2815. Calculate i(-6).
-13
Let b(q) be the first derivative of q**4/4 + q**3 - 3*q**2/2 + 4*q + 2. Let p be (-30)/8 - 9/36. Determine b(p).
0
Let p = -586 + 587. Let y(i) = 4*i + 2. Calculate y(p).
6
Let y = -18 - -18. Let v = 3 - y. Let z(q) = -2*q**2 - 2 + 7 - 7 + 0*q**2 + 5*q. Give z(v).
-5
Suppose -7 = -5*d + 4*y, 5*d - 11*y - 13 = -10*y. Let t(s) = s**3 - s - 4. Calculate t(d).
20
Let d(a) = a**3 + 8*a**2 + a + 2. Suppose 0 = -4*h + 16, -29*h = -3*l - 28*h - 28. Give d(l).
-6
Let a(m) be the second derivative of -m**3/2 + 3*m**2/2 - m + 20. Let l = 11 + -8. Give a(l).
-6
Suppose s - 3*s - 4 = 0. Let y be (s - 0)/(4/(-16)). Suppose -y = 6*q - 2*q. Let d(r) = 6*r + 2. Give d(q).
-10
Let y(f) = f - 1. Let w(t) be the third derivative of t**4/24 + t**3 - 6*t**2. Let o be w(-4). Suppose 2*u - o + 10 = 0. Give y(u).
-5
Let j(m) = m - 1. Let a = 17 - -11. Suppose 3*u - 4*b - a = 0, -3*u = -2*u - 2*b - 12. Suppose 0 = -u*f - 6 - 14. Calculate j(f).
-6
Let c(m) = m**2 - 3*m + 2. Suppose 2*u - 4*j + 302 = 294, 0 = -5*u - 4*j - 20. What is c(u)?
30
Let j(r) = 2*r**2 + 5*r - 3. Suppose -b + 1 = -1. Suppose -7 = -2*t - 1. Suppose 2*k - 16 = t*p, 0 = -0*p - p + b*k - 8. Give j(p).
9
Suppose 4 = 8*s - 6*s. Let w(t) = t**2 - 2*t**s + 11*t + 9 + 2*t**2. Calculate w(-6).
-21
Let r be (4/(-8))/((-8)/16). Let t(u) = -8*u + 8. Give t(r).
0
Let s = -6 + 4. Let g be (-1 + 3)/2*-6. Let d(l) = 7*l**2 + 5*l + 8. Let h(v) = -v**2 - v - 1. Let z(i) = g*h(i) - d(i). Determine z(s).
-8
Let i(h) be the first derivative of -h**4/24 + h**3/3 + 23*h**2/2 - 46. Let n(m) be the second derivative of i(m). Calculate n(-5).
7
Let k(u) = -u**3 + 16*u**2 + 36*u + 7. Let d be k(18). Let j(z) = 5*z + 0*z - d*z + z. Give j(1).
-1
Let i(v) = 3*v**2 - 21*v - 21. Let r(z) = -2*z**2 + 14*z + 14. Let n(x) = -5*i(x) - 7*r(x). Let h be (-18)/(-1)*1/3. What is n(h)?
13
Let h(k) = k**2 + 5*k - 5. Suppose -j - 5*s - 30 = 0, -4*s - 40 = 5*j - s. Give h(j).
-5
Let n(a) = a**3 + 6*a**2 - 1. Suppose -g = -z - 0 + 6, -3*z + 16 = -2*g. Let x(u) = z*u + 7*u - 1 - 5 - 10*u**2 - u**3. Let j be x(-11). Give n(j).
-1
Let h(k) = -43 - 71*k**3 + 70*k**3 + 39 + 2*k + 4*k**2. Give h(3).
11
Let f(t) be the first derivative of 28 + 0*t**2 - 2*t - 1/3*t**3. Let v be (-1 - (-1 + 1))*2. Calculate f(v).
-6
Let i(t) be the second derivative of t**3 - t**2/2 + t. Let c = -120 + 121. Determine i(c).
5
Let v(l) = -1 + 2*l + 0*l - 3*l. Let w = -2 + 8. Suppose 23 = w*t - 7. Calculate v(t).
-6
Let t(y) = -2*y**2 - 14*y + 38. Let l(n) = 5*n**2 + 27*n - 78. Let j(r) = -3*l(r) - 7*t(r). Determine j(15).
-2
Let j(r) = -r - 1. Let y(x) = 2*x - 5. Let z be y(2). Let g be (-4)/6 - z - (-44)/(-6). Give j(g).
6
Let n be -7 - (4 - 3)/(-1). Let h be 2/n - 68/12. Let f = 1 + h. Let l(a) = -3*a - 3. Determine l(f).
12
Suppose 7*q = 77 + 245. Let h = 49 - q. Let g(y) = -1 + y - y**3 - 4*y**2 - 3*y + 9*y**2. Give g(h).
11
Let d(q) = 44 - 45 + 31*q - 6*q. Give d(1).
24
Let l(r) = 19*r + 38. Let v be l(-2). Let f(x) = -8*x**2 + 2. What is f(v)?
2
Let z(o) = -o**3 - 8*o**2 - 19*o - 15. Let v be z(-5). Let d(g) be the first derivative of -g**3/3 + 2*g**2 + g - 1. Give d(v).
-4
Let t(y) be the first derivative of y**2/2 - 4*y - 53. Let c(s) = 5*s**2 - s. Let k be c(1). What is t(k)?
0
Let i be -5*5/3*(-1980)/825. Let m(c) = -c**3 + 19*c**2 + 19*c + 14. What is m(i)?
-6
Let x(p) = -p**3 - 9*p**2 - 13*p - 36. Let j be 5 + -1 - 7 - 5. Calculate x(j).
4
Let i(z) = 2*z**2 - 19*z + 24. Let y be i(8). Let s(m) be the second derivative of -9*m - m**2 - 1/6*m**3 + y. Give s(-8).
6
Let q(x) = -7*x - 1 + 0*x + 4*x. Let g be (-6)/5*-10*(-1)/(-6). Determine q(g).
-7
Suppose 2*l - 92 = 3*f, f - 2*f - 5*l = 25. Let p be (-80)/f*(-2)/((-24)/27). Let n(g) = -g - 2. Calculate n(p).
-8
Let g(s) = 4*s + 1. Let l(r) = 26*r + 15. Let z(f) = -7*g(f) + l(f). Let x be -3*1/(1/(-2)). What is z(x)?
-4
Let z be 15/(-6) - 9/(-6). Let f(n) = -n - 4. Let o(q) = -25 - 5*q - 4*q - 8. Let l(u) = -33*f(u) + 4*o(u). Calculate l(z).
3
Let u(b) = -4*b - 3. Let s(p) = -4*p - 3. Let y(v) = 4*s(v) - 5*u(v). Let c be 165/66*-3*(-8)/(-30). Determine y(c).
-5
Let l(f) = -4*f - 7*f**2 + f**3 + 2054 + 4*f - 2061. What is l(6)?
-43
Let t be 4/(-28) - (-144)/28. Let l(c) = -c + 3. Determine l(t).
-2
Suppose -5 - 7 = -2*k. Let x = 9 - k. Let u(h) = -7*h**2 - h**x - 4*h - 2 + 5*h - 6*h. Determine u(-6).
-8
Let f(o) = 4*o**2 + 9*o - 23. Let k(z) = 5*z**2 + 8*z - 24. Let n(v) = 6*f(v) - 5*k(v). Let q be n(12). Let l(t) = t - 5. Determine l(q).
1
Let r(l) = -l**3 + 5*l**2 - l. Let q(g) = g**3 - 4*g**2 + 1. Let h(u) = -3*q(u) - 2*r(u). Suppose -w - t = 0, t - 15 = -w + 5*t. What is h(w)?
-6
Suppose -11*v + 28*v = 153. Let j(a) = -2*a + 20. What is j(v)?
2
Suppose -20*b = -24*b + 16. Let y(f) = 2*f**2 + 3*f + 1. Let s(k) = 4*k**2 + 6*k + 2. Let g(i) = b*s(i) - 9*y(i). Give g(-2).
-3
Let p(x) = x**3 + 4*x**2 - 6*x - 3. Let y = -11 - -14. Let c be y*(0 - (-15)/(-9)). What is p(c)?
2
Let m(a) = -25*a + 998. Let z be m(40). Let c(y) be the first derivative of y**4/4 + 2*y**3 + 2*y**2 + 2*y - 1. Give c(z).
10
Let d(z) = -4*z**3 - 2*z**2 + 2*z + 5. Let w be d(-1). Let f(o) = -o**3 + 5*o**2 + 7. What is f(w)?
7
Let w(j) = -4*j**2 - 2 + 29*j - 51*j + 25*j. Give w(2).
-12
Let h be (-1 - -3)*((-6)/2 + 4). Suppose s - h*w - w + 14 = 0, 2*s + 5*w = 27. Let t(v) be the second derivative of 2*v**3 - v**2/2 + v. What is t(s)?
11
Let f(r) be the first derivative of -1/5*r**5 + 4 - 1/2*r**2 + 0*r**3 - 5*r + 1/12*r**4. Let x(l) be the first derivative of f(l). Determine x(1).
-4
Let v(h) = -h**2. Let s(w) = 28*w**2 - 2*w - 1. Let q(k) = s(k) + 3*v(k). Let a(f) = 118*f - 827. Let p be a(7). What is q(p)?
26
Let y(v) = -4*v + 7*v - 3 - 11*v. Let t(q) = 2*q + 4. Suppose -5*i = 4*j - 0*j + 12, -5*j - i - 15 = 0. Let r be t(j). Calculate y(r).
13
Let b(t) = 37*t - 5. Let y be b(-1). Let c = y - -40. Let s(p) = 2*p - 2. Give s(c).
-6
Let y(p) = p**3 - p**2 - 2*p - 3. Suppose -2*r = 3*k - 19, -4*k - 21*r + 27 = -18*r. Determine y(k).
9
Let d(k) be the third derivative of -k**5/60 - k**4/8 + k**3/3 + 2*k**2. Suppose 2*f + 11 - 3 = g, 3*f = -4*g - 12. Give d(f).
-2
Suppose -2*s + 20 = s - 5*t, -5*s - 20 = 5*t. Suppose s = 7*y - 67 + 4. Let g(j) = -j - 1. Calculate g(y).
-10
Suppose 4*a + 614 - 558 = 0. Let l(k) = -k**3 - 14*k**2 - k - 10. Determine l(a).
4
Let j(o) = -o + 1. Suppose 4*b = -2*u + 6 - 34, -2 = 3*u - 4*b. Let v(d) = -d**2 - 7*d -